
{"id":5,"date":"2012-01-10T19:37:16","date_gmt":"2012-01-10T19:37:16","guid":{"rendered":"http:\/\/www.knihovna.info\/xxxx\/?page_id=5"},"modified":"2014-05-19T06:34:34","modified_gmt":"2014-05-19T06:34:34","slug":"kontakt","status":"publish","type":"page","link":"https:\/\/ratibor-u-vsetina.knihovna.info\/?page_id=5","title":{"rendered":"Kontakt"},"content":{"rendered":"<h3><span style=\"color: #ff6600;\"><strong>Adresa<\/strong>:<\/span><\/h3>\n<h3><strong>Knihovna Ratibo\u0159<\/strong><\/h3>\n<h3>Ratibo\u0159 u Vset\u00edna<\/h3>\n<h3>75 621<\/h3>\n<h3><span style=\"color: #ff6600;\">Knihovnice:<\/span>\u00a0\u00a0Ester Miniarikov\u00e1<\/h3>\n<h3><strong><span style=\"color: #ff6600;\">Email:<\/span>\u00a0 knihovna.ratibor@centrum.cz<\/strong><\/h3>\n<p><strong><br \/>\n<\/strong><\/p>\n<hr \/>\n<p>M\u00f9\u017eete n\u00e1m tak\u00e9 napsat za pomoc\u00ed n\u00ed\u017ee uveden\u00e9ho formul\u00e1\u00f8e.<\/p>\n<p>[contact-form-7 id=&#8220;4&#8243; title=&#8220;Contact form 1&#8243;]<\/p>\n","protected":false},"excerpt":{"rendered":"<p>Adresa: Knihovna Ratibo\u0159 Ratibo\u0159 u Vset\u00edna 75 621 Knihovnice:\u00a0\u00a0Ester Miniarikov\u00e1 Email:\u00a0 knihovna.ratibor@centrum.cz M\u00f9\u017eete n\u00e1m tak\u00e9 napsat za pomoc\u00ed n\u00ed\u017ee uveden\u00e9ho formul\u00e1\u00f8e. [contact-form-7 id=&#8220;4&#8243; title=&#8220;Contact form 1&#8243;]<\/p>\n","protected":false},"author":1,"featured_media":0,"parent":20,"menu_order":2,"comment_status":"closed","ping_status":"closed","template":"","meta":{"footnotes":""},"class_list":["post-5","page","type-page","status-publish","hentry"],"_links":{"self":[{"href":"https:\/\/ratibor-u-vsetina.knihovna.info\/index.php?rest_route=\/wp\/v2\/pages\/5","targetHints":{"allow":["GET"]}}],"collection":[{"href":"https:\/\/ratibor-u-vsetina.knihovna.info\/index.php?rest_route=\/wp\/v2\/pages"}],"about":[{"href":"https:\/\/ratibor-u-vsetina.knihovna.info\/index.php?rest_route=\/wp\/v2\/types\/page"}],"author":[{"embeddable":true,"href":"https:\/\/ratibor-u-vsetina.knihovna.info\/index.php?rest_route=\/wp\/v2\/users\/1"}],"replies":[{"embeddable":true,"href":"https:\/\/ratibor-u-vsetina.knihovna.info\/index.php?rest_route=%2Fwp%2Fv2%2Fcomments&post=5"}],"version-history":[{"count":16,"href":"https:\/\/ratibor-u-vsetina.knihovna.info\/index.php?rest_route=\/wp\/v2\/pages\/5\/revisions"}],"predecessor-version":[{"id":377,"href":"https:\/\/ratibor-u-vsetina.knihovna.info\/index.php?rest_route=\/wp\/v2\/pages\/5\/revisions\/377"}],"up":[{"embeddable":true,"href":"https:\/\/ratibor-u-vsetina.knihovna.info\/index.php?rest_route=\/wp\/v2\/pages\/20"}],"wp:attachment":[{"href":"https:\/\/ratibor-u-vsetina.knihovna.info\/index.php?rest_route=%2Fwp%2Fv2%2Fmedia&parent=5"}],"curies":[{"name":"wp","href":"https:\/\/api.w.org\/{rel}","templated":true}]}}