
{"id":212,"date":"2013-07-09T07:44:58","date_gmt":"2013-07-09T07:44:58","guid":{"rendered":"http:\/\/ratibor-u-vsetina.knihovna.info\/?page_id=212"},"modified":"2013-10-15T07:06:48","modified_gmt":"2013-10-15T07:06:48","slug":"akce","status":"publish","type":"page","link":"https:\/\/ratibor-u-vsetina.knihovna.info\/?page_id=212","title":{"rendered":"Akce"},"content":{"rendered":"<h2 style=\"text-align: center;\"><strong><span style=\"color: #ff6600;\">Na tomto m\u00edst\u011b se dozv\u00edte, co v\u0161echno se u n\u00e1s v knihovn\u011b d\u011bje \ud83d\ude42<\/span><\/strong><\/h2>\n<p style=\"text-align: left;\"><span style=\"color: #000000;\">Pravideln\u011b se v na\u0161\u00ed knihovn\u011b sch\u00e1z\u00ed d\u011bti v <strong><span style=\"color: #ff6600;\">Liter\u00e1rn\u00edm krou\u017eku<\/span><\/strong>\u00a0<\/span><strong><\/strong><\/p>\n<h4 style=\"text-align: center;\"><strong><span style=\"color: #00ff00;\">\u0160koln\u00ed rok 2012-2013<\/span><\/strong><\/h4>\n<p>\u010cerven<\/p>\n<p><strong><span style=\"color: #ff6600;\">Noc v knihovn\u011b<\/span><\/strong> ( akce na ukon\u010den\u00ed \u0161koln\u00edho roku &#8211; nocovali \u017e\u00e1ci 5. t\u0159\u00eddy Z\u0160)<\/p>\n<p><a href=\"http:\/\/ratibor-u-vsetina.knihovna.info\/wp-content\/uploads\/2013\/07\/Fotografie0071.jpg\"><img loading=\"lazy\" decoding=\"async\" class=\"size-medium wp-image-231 alignleft\" title=\"Fotografie0071\" src=\"http:\/\/ratibor-u-vsetina.knihovna.info\/wp-content\/uploads\/2013\/07\/Fotografie0071-225x300.jpg\" alt=\"\" width=\"210\" height=\"276\" \/><\/a><a href=\"http:\/\/ratibor-u-vsetina.knihovna.info\/wp-content\/uploads\/2013\/07\/Fotografie0069.jpg\"><img loading=\"lazy\" decoding=\"async\" class=\"size-medium wp-image-230\" title=\"Fotografie0069\" src=\"http:\/\/ratibor-u-vsetina.knihovna.info\/wp-content\/uploads\/2013\/07\/Fotografie0069-225x300.jpg\" alt=\"\" width=\"202\" height=\"263\" \/><\/a><\/p>\n<h4 style=\"text-align: left;\">B\u0159ezen<\/h4>\n<h4 style=\"text-align: left;\"><strong><span style=\"color: #ff6600;\">Noc s Andersenem <\/span><\/strong>( 3. a 4. t\u0159\u00edda Z\u0160)<strong><\/strong><\/h4>\n<h4 style=\"text-align: center;\"><\/h4>\n<h4 style=\"text-align: left;\"><strong><span style=\"color: #ff6600;\">Exkurze d\u011bt\u00ed 1.,2.,3.,4. a 5. t\u0159\u00eddy Z\u0160<br \/>\n<\/span><\/strong><\/h4>\n<p><a href=\"http:\/\/ratibor-u-vsetina.knihovna.info\/wp-content\/uploads\/2013\/07\/4.-a-5.-t\u0159.jpg\"><img loading=\"lazy\" decoding=\"async\" class=\"aligncenter size-medium wp-image-235\" title=\"OLYMPUS DIGITAL CAMERA\" src=\"http:\/\/ratibor-u-vsetina.knihovna.info\/wp-content\/uploads\/2013\/07\/4.-a-5.-t\u0159-300x225.jpg\" alt=\"\" width=\"300\" height=\"225\" srcset=\"https:\/\/ratibor-u-vsetina.knihovna.info\/wp-content\/uploads\/2013\/07\/4.-a-5.-t\u0159-300x225.jpg 300w, https:\/\/ratibor-u-vsetina.knihovna.info\/wp-content\/uploads\/2013\/07\/4.-a-5.-t\u0159-400x300.jpg 400w, https:\/\/ratibor-u-vsetina.knihovna.info\/wp-content\/uploads\/2013\/07\/4.-a-5.-t\u0159.jpg 640w\" sizes=\"auto, (max-width: 300px) 100vw, 300px\" \/><\/a><a href=\"http:\/\/ratibor-u-vsetina.knihovna.info\/wp-content\/uploads\/2013\/07\/4.-a-5.-t\u0159-v-knihovn\u011b.jpg\"><img loading=\"lazy\" decoding=\"async\" class=\"aligncenter size-medium wp-image-234\" title=\"OLYMPUS DIGITAL CAMERA\" src=\"http:\/\/ratibor-u-vsetina.knihovna.info\/wp-content\/uploads\/2013\/07\/4.-a-5.-t\u0159-v-knihovn\u011b-300x225.jpg\" alt=\"\" width=\"300\" height=\"225\" srcset=\"https:\/\/ratibor-u-vsetina.knihovna.info\/wp-content\/uploads\/2013\/07\/4.-a-5.-t\u0159-v-knihovn\u011b-300x225.jpg 300w, https:\/\/ratibor-u-vsetina.knihovna.info\/wp-content\/uploads\/2013\/07\/4.-a-5.-t\u0159-v-knihovn\u011b-400x300.jpg 400w, https:\/\/ratibor-u-vsetina.knihovna.info\/wp-content\/uploads\/2013\/07\/4.-a-5.-t\u0159-v-knihovn\u011b.jpg 640w\" sizes=\"auto, (max-width: 300px) 100vw, 300px\" \/><\/a><strong><span style=\"color: #ff6600;\">N\u00e1v\u0161t\u011bva d\u011bt\u00ed a beseda s p\u0159ed\u0161kol\u00e1ky z M\u0160 Ratibo\u0159<br \/>\n<\/span><\/strong><\/p>\n<p><strong><span style=\"color: #ff6600;\">Pasov\u00e1n\u00ed \u0161kol\u00e1k\u016f 1. t\u0159\u00eddy na \u010dten\u00e1\u0159e<\/span><\/strong> s \u00fa\u010dast\u00ed pan\u00ed starostky<\/p>\n<p><strong><span style=\"color: #ff6600;\">Liter\u00e1rn\u00ed \u010dten\u00ed<\/span><span style=\"color: #ff6600;\"> v knihovn\u011b<\/span><\/strong> ( prob\u00edh\u00e1 pravideln\u011b se \u017e\u00e1ky ze z\u00e1kladn\u00ed \u0161koly)<\/p>\n<p><strong><span style=\"color: #ff6600;\">Beseda s Blankou R\u016f\u017ei\u010dkovou <span style=\"color: #000000;\">na t\u00e9ma<\/span> &#8222;Os\u00eddlen\u00ed valach\u016f v na\u0161em kraji&#8220; <\/span><\/strong><span style=\"color: #ff6600;\"><span style=\"color: #000000;\">(<\/span><\/span><span style=\"color: #000000;\"> akce pro velkou \u00fa\u010dast po\u0159\u00e1d\u00e1na ve \u0161kole )<\/span><strong><span style=\"color: #ff6600;\"><br \/>\n<\/span><\/strong><\/p>\n<p><a href=\"http:\/\/ratibor-u-vsetina.knihovna.info\/wp-content\/uploads\/2013\/07\/Fotografie0672.jpg\"><img loading=\"lazy\" decoding=\"async\" class=\"size-medium wp-image-233 alignleft\" title=\"Fotografie0672\" src=\"http:\/\/ratibor-u-vsetina.knihovna.info\/wp-content\/uploads\/2013\/07\/Fotografie0672-225x300.jpg\" alt=\"\" width=\"205\" height=\"267\" \/><\/a><a href=\"http:\/\/ratibor-u-vsetina.knihovna.info\/wp-content\/uploads\/2013\/07\/Fotografie0671.jpg\"><img loading=\"lazy\" decoding=\"async\" class=\"size-medium wp-image-232 alignleft\" title=\"Fotografie0671\" src=\"http:\/\/ratibor-u-vsetina.knihovna.info\/wp-content\/uploads\/2013\/07\/Fotografie0671-225x300.jpg\" alt=\"\" width=\"205\" height=\"267\" \/><\/a><\/p>\n<p>&nbsp;<\/p>\n<p>&nbsp;<\/p>\n<p>&nbsp;<\/p>\n<p>&nbsp;<\/p>\n<h4 style=\"text-align: left;\"><strong><span style=\"color: #ff6600;\">Sout\u011b\u017e &#8222;O poklad str\u00fdca Jur\u00e1\u0161a&#8220;<\/span><\/strong> &#8211; liter\u00e1rn\u00ed sout\u011b\u017ee se z\u016f\u010dastnili \u017e\u00e1ci 4. a 5. t\u0159\u00eddy Z\u0160<\/h4>\n<p><strong><span style=\"color: #ff6600;\">\u00a0\u00a0\u00a0\u00a0\u00a0\u00a0\u00a0\u00a0\u00a0\u00a0\u00a0\u00a0\u00a0\u00a0\u00a0 <\/span><\/strong><\/p>\n","protected":false},"excerpt":{"rendered":"<p>Na tomto m\u00edst\u011b se dozv\u00edte, co v\u0161echno se u n\u00e1s v knihovn\u011b d\u011bje \ud83d\ude42 Pravideln\u011b se v na\u0161\u00ed knihovn\u011b sch\u00e1z\u00ed d\u011bti v Liter\u00e1rn\u00edm krou\u017eku\u00a0 \u0160koln\u00ed rok 2012-2013 \u010cerven Noc v knihovn\u011b ( akce na ukon\u010den\u00ed \u0161koln\u00edho roku &#8211; nocovali \u017e\u00e1ci 5. t\u0159\u00eddy Z\u0160) B\u0159ezen Noc s Andersenem ( 3. a 4. t\u0159\u00edda Z\u0160) Exkurze d\u011bt\u00ed [&hellip;]<\/p>\n","protected":false},"author":1,"featured_media":0,"parent":0,"menu_order":0,"comment_status":"open","ping_status":"closed","template":"","meta":{"footnotes":""},"class_list":["post-212","page","type-page","status-publish","hentry"],"_links":{"self":[{"href":"https:\/\/ratibor-u-vsetina.knihovna.info\/index.php?rest_route=\/wp\/v2\/pages\/212","targetHints":{"allow":["GET"]}}],"collection":[{"href":"https:\/\/ratibor-u-vsetina.knihovna.info\/index.php?rest_route=\/wp\/v2\/pages"}],"about":[{"href":"https:\/\/ratibor-u-vsetina.knihovna.info\/index.php?rest_route=\/wp\/v2\/types\/page"}],"author":[{"embeddable":true,"href":"https:\/\/ratibor-u-vsetina.knihovna.info\/index.php?rest_route=\/wp\/v2\/users\/1"}],"replies":[{"embeddable":true,"href":"https:\/\/ratibor-u-vsetina.knihovna.info\/index.php?rest_route=%2Fwp%2Fv2%2Fcomments&post=212"}],"version-history":[{"count":22,"href":"https:\/\/ratibor-u-vsetina.knihovna.info\/index.php?rest_route=\/wp\/v2\/pages\/212\/revisions"}],"predecessor-version":[{"id":285,"href":"https:\/\/ratibor-u-vsetina.knihovna.info\/index.php?rest_route=\/wp\/v2\/pages\/212\/revisions\/285"}],"wp:attachment":[{"href":"https:\/\/ratibor-u-vsetina.knihovna.info\/index.php?rest_route=%2Fwp%2Fv2%2Fmedia&parent=212"}],"curies":[{"name":"wp","href":"https:\/\/api.w.org\/{rel}","templated":true}]}}