
{"id":102,"date":"2013-07-08T11:14:31","date_gmt":"2013-07-08T11:14:31","guid":{"rendered":"http:\/\/ratibor-u-vsetina.knihovna.info\/?page_id=102"},"modified":"2013-07-09T05:02:04","modified_gmt":"2013-07-09T05:02:04","slug":"uzitecne-odkazy","status":"publish","type":"page","link":"https:\/\/ratibor-u-vsetina.knihovna.info\/?page_id=102","title":{"rendered":"U\u017eite\u010dn\u00e9 odkazy"},"content":{"rendered":"<p><a href=\"http:\/\/www.ratibor.cz\/\" target=\"_blank\"><span style=\"color: #ff6600;\"><strong>Obec Ratibo\u0159<\/strong><\/span><\/a><\/p>\n<p><span style=\"color: #ff6600;\"><strong>Knihovny: <\/strong><\/span><\/p>\n<p><a href=\"http:\/\/www.mvk.cz\/\">Masarykova ve\u0159ejn\u00e1 knihovna Vset\u00edn<\/a><\/p>\n<p><a href=\"http:\/\/www.kfbz.cz\/index.htm\">Krajsk\u00e1 knihovna Franti\u0161ka Barto\u0161e Zl\u00edn<\/a><\/p>\n<p><a href=\"http:\/\/www.nkp.cz\/\">N\u00e1rodn\u00ed knihovna \u010cR<\/a><\/p>\n<p><a href=\"http:\/\/www.ptejteseknihovny.cz\/\">Ptejte se knihovny<\/a> \u2013 dotazy p\u0159\u00edmo pro zapojen\u00e9 knihovny<\/p>\n<p><span style=\"color: #ff6600;\"><strong>Zaj\u00edmav\u00e9 projekty: <\/strong><\/span><\/p>\n<p><a href=\"http:\/\/www.ctenipomaha.cz\/\">\u010cten\u00ed pom\u00e1h\u00e1<\/a> \u2013 charitativn\u00ed akce, zam\u011b\u0159en\u00e1 na znalosti z literatury \u017e\u00e1k\u016f a student\u016f<\/p>\n<p><a href=\"http:\/\/www.celeceskoctedetem.cz\/\">Cel\u00e9 \u010desko \u010dte d\u011btem<\/a> -na podporu \u010dten\u00e1\u0159sk\u00e9 gramotnosti d\u011bt\u00ed a ml\u00e1de\u017ee<\/p>\n<p><a href=\"http:\/\/www.rostemesknihou.cz\/\">Rosteme s knihou<\/a> &#8211; na podporu \u010detby<\/p>\n<p><a href=\"http:\/\/www.bibliohelp.cz\/\">Bibliohelp<\/a> &#8211; l\u00e9\u010dba knihou<\/p>\n<p><a href=\"http:\/\/www.citarny.cz\/\">\u010c\u00edt\u00e1rny<\/a> \u2013 knihy, \u010dten\u00ed, z\u00e1bava<\/p>\n<p><a href=\"http:\/\/www.mlp.cz\/cz\/projekty\/on-line-projekty\/\">E-knihovna<\/a> &#8211; p\u0159\u00edstup k elektronick\u00fdm knih\u00e1m<\/p>\n<p><a href=\"http:\/\/www.kralovstvimluvenehoslova.cz\/\">Kr\u00e1lovstv\u00ed mluven\u00e9ho slova<\/a>\u00a0 \u2013 audioknihy \u2013 od poh\u00e1dek a\u017e po klasiky<\/p>\n<p><strong><span style=\"color: #ff6600;\">Str\u00e1nky ur\u010den\u00e9 d\u011btem:<\/span><strong><\/strong><\/strong><\/p>\n<p><a href=\"http:\/\/www.rozhlas.cz\/spektrum\/portal\">Web\u00edk<\/a> \u2013 str\u00e1nky \u010cesk\u00e9ho rozhlasu pro d\u011bti<\/p>\n<p><a href=\"http:\/\/www.detskestranky.cz\/\">D\u011btsk\u00e9 str\u00e1nky<\/a> \u2013 aby se d\u011bti nenudily<\/p>\n<p><a href=\"http:\/\/www.ctyrlistek.cz\/\">\u010cy\u0159l\u00edstek<\/a> \u2013 d\u011btsk\u00fd web s pr\u016fvodci My\u0161pul\u00ednem, Bob\u00edkem, Pin\u010fou a Fifinkou<\/p>\n<p><a href=\"http:\/\/alik.idnes.cz\/\">Al\u00edk<\/a> \u2013 port\u00e1l pro d\u011bti<\/p>\n<p><span style=\"color: #ff6600;\"><strong>Pro studenty:<\/strong><\/span><\/p>\n<p><a href=\"http:\/\/www.spisovatele.cz\/\">Spisovatel\u00e9<\/a> \u2013 \u017eivotopisy spisovatel\u016f<\/p>\n<p><a href=\"http:\/\/www.ctenarsky-denik.cz\/\">\u010cten\u00e1\u0159sk\u00fd den\u00edk<\/a> \u2013 d\u00edla spisovatel\u016f<\/p>\n<p><a href=\"http:\/\/ld.johanesville.net\/uvod\">Liter\u00e1rn\u00ed doup\u011b<\/a> \u2013 \u010dten\u00e1\u0159sk\u00fd den\u00edk, zdroj pro refer\u00e1ty, povinn\u00e1 \u010detba i knihovna v jednom, e \u2013 books<\/p>\n<p><span style=\"color: #ff6600;\"><strong>Pro za\u010d\u00ednaj\u00edc\u00ed spisovatele:<\/strong><\/span><\/p>\n<p><a href=\"http:\/\/www.liter.cz\/\">Liter<\/a> \u2013 amat\u00e9rsk\u00fd liter\u00e1rn\u00ed server<\/p>\n<p><a href=\"http:\/\/piste-povidky.cz\/\">Pi\u0161te pov\u00eddky<\/a> \u2013 startovac\u00ed plocha pro budouc\u00ed spisovatele<\/p>\n<p><span style=\"color: #ff6600;\"><strong>Mohli byste pot\u0159ebovat:<\/strong><\/span><\/p>\n<p><a href=\"http:\/\/jizdnirady.idnes.cz\/vlakyautobusy\/spojeni\/\">J\u00edzdn\u00ed \u0159\u00e1dy<\/a><\/p>\n<p><a href=\"http:\/\/www.psc.cz\/\">PS\u010c<\/a><\/p>\n","protected":false},"excerpt":{"rendered":"<p>Obec Ratibo\u0159 Knihovny: Masarykova ve\u0159ejn\u00e1 knihovna Vset\u00edn Krajsk\u00e1 knihovna Franti\u0161ka Barto\u0161e Zl\u00edn N\u00e1rodn\u00ed knihovna \u010cR Ptejte se knihovny \u2013 dotazy p\u0159\u00edmo pro zapojen\u00e9 knihovny Zaj\u00edmav\u00e9 projekty: \u010cten\u00ed pom\u00e1h\u00e1 \u2013 charitativn\u00ed akce, zam\u011b\u0159en\u00e1 na znalosti z literatury \u017e\u00e1k\u016f a student\u016f Cel\u00e9 \u010desko \u010dte d\u011btem -na podporu \u010dten\u00e1\u0159sk\u00e9 gramotnosti d\u011bt\u00ed a ml\u00e1de\u017ee Rosteme s knihou &#8211; na [&hellip;]<\/p>\n","protected":false},"author":1,"featured_media":0,"parent":0,"menu_order":0,"comment_status":"closed","ping_status":"closed","template":"","meta":{"footnotes":""},"class_list":["post-102","page","type-page","status-publish","hentry"],"_links":{"self":[{"href":"https:\/\/ratibor-u-vsetina.knihovna.info\/index.php?rest_route=\/wp\/v2\/pages\/102","targetHints":{"allow":["GET"]}}],"collection":[{"href":"https:\/\/ratibor-u-vsetina.knihovna.info\/index.php?rest_route=\/wp\/v2\/pages"}],"about":[{"href":"https:\/\/ratibor-u-vsetina.knihovna.info\/index.php?rest_route=\/wp\/v2\/types\/page"}],"author":[{"embeddable":true,"href":"https:\/\/ratibor-u-vsetina.knihovna.info\/index.php?rest_route=\/wp\/v2\/users\/1"}],"replies":[{"embeddable":true,"href":"https:\/\/ratibor-u-vsetina.knihovna.info\/index.php?rest_route=%2Fwp%2Fv2%2Fcomments&post=102"}],"version-history":[{"count":6,"href":"https:\/\/ratibor-u-vsetina.knihovna.info\/index.php?rest_route=\/wp\/v2\/pages\/102\/revisions"}],"predecessor-version":[{"id":191,"href":"https:\/\/ratibor-u-vsetina.knihovna.info\/index.php?rest_route=\/wp\/v2\/pages\/102\/revisions\/191"}],"wp:attachment":[{"href":"https:\/\/ratibor-u-vsetina.knihovna.info\/index.php?rest_route=%2Fwp%2Fv2%2Fmedia&parent=102"}],"curies":[{"name":"wp","href":"https:\/\/api.w.org\/{rel}","templated":true}]}}